ose -c*s = -5*q + 185, -3*q + 4*s = -25 - 72. Is q prime?
False
Suppose o + 216 = -3*o. Let k = 93 + o. Is k a prime number?
False
Let b = -1 - -2. Let x(p) = 56*p - 1. Is x(b) composite?
True
Let b = -142 + 52. Let m = 311 + b. Is m a prime number?
False
Suppose -d + 2*c + 1983 = 0, 12*c + 9908 = 5*d + 9*c. Is d composite?
True
Is (-1 + 2)*(80 - -5) composite?
True
Let y(s) = -s**3 + 8*s**2 - 6*s - 8. Let d be y(7). Is -2 + 62 + (-2 - d) a prime number?
True
Suppose -i + 265 = u, 0 = -5*u + 7*i - 2*i + 1325. Is u prime?
False
Let t(p) = 122*p**2 + p. Let n(o) = o - 5. Let a be n(4). Is t(a) a composite number?
True
Let p be 1*5/((-15)/(-354)). Suppose 2*i = -i - 2*n - p, -n + 175 = -5*i. Let b = -21 - i. Is b a prime number?
False
Let m(v) = -v**3 + 10*v**2 - 3*v + 1. Is m(6) a prime number?
True
Suppose -4*x + 369 + 499 = 0. Let b = 510 - x. Is b composite?
False
Suppose 4*p + 1833 = -1655. Is 10/(-35) - p/14 a composite number?
True
Let v = 45 + -26. Is v a prime number?
True
Let z be (-1)/((-2)/3)*14. Suppose 9 = -4*g + z. Is g composite?
False
Let m = 3 - 5. Let q be 185/(-25) + m/(-5). Let d = q + 21. Is d prime?
False
Let f(z) be the third derivative of -5/6*z**3 + 0 - 1/24*z**4 + 1/60*z**5 - 2*z**2 + 0*z. Is f(4) a composite number?
False
Let c be (-3)/((-2)/2) + -1. Suppose a + 5 = c*p, -5*a = p - 6*p. Suppose -342 - 943 = -a*j. Is j a composite number?
False
Suppose 2*m - 322 = x, -4*m + m = 4*x - 461. Is m a prime number?
False
Let x be 10/(-1 - (-42)/41). Let u = -279 + x. Is u prime?
True
Let w be ((-10)/15)/(4/(-3018)). Suppose g = 5*s + 78 + 79, -3*g - s = -w. Is g prime?
True
Suppose 2*f - 7*f + 265 = 0. Is f composite?
False
Let a = -95 - -182. Is a a composite number?
True
Let z = 304 - 39. Is z a prime number?
False
Suppose 728 = 3*k + 2*k + 3*o, -4*o + 4 = 0. Let c = k + -30. Is c composite?
True
Suppose 3*m - 16 - 2 = 0. Let k(s) = s**3 - s**2 - 4*s + 7. Is k(m) prime?
True
Suppose v = 48 + 139. Is v a composite number?
True
Let i(m) = -m**2 - 8*m + 12. Suppose -b = -5*s - 11, -3*b = -b + 3*s + 30. Let z be i(b). Suppose 0 = -z*p + p + 170. Is p a composite number?
True
Suppose k + 56 = -3*k. Let i = 9 - k. Is i a prime number?
True
Let n(g) = -2*g**3 - g - 1. Let u be n(-1). Suppose u = 3*i - 7. Suppose -i*c - 3*z + 150 = 0, 5*c + z - 234 = -0*c. Is c prime?
False
Let m = 8 + -7. Is m/2*2*169 composite?
True
Suppose 0 = 7*t - 8*t + 5303. Is t composite?
False
Suppose 3*h - 5*h + 6 = 0, 3*h + 31 = 5*t. Let d = t + -3. Is 5/(d/(-3)) - -40 a composite number?
False
Let z(x) = x**3 - 4*x**2 + x + 2. Let d be z(2). Is d/(-22) + 625/11 composite?
True
Suppose -3*i + 3*b = 0, 4 = 2*b - 0. Suppose -182 = -3*y + 3*q + 529, 4*q + 706 = 3*y. Suppose -i*v = -4*v + y. Is v prime?
False
Suppose -198 = -3*a + 435. Is a composite?
False
Suppose 5*g - v - 11586 = -0*v, -4*v = -g + 2321. Is g composite?
True
Let l(x) = -6*x**3 - 3*x**2 + 1 - 3*x + 5*x**3 - 3*x**3. Let n be l(-3). Suppose 359 = 3*t + 2*d, -4*d - 175 = -2*t + n. Is t composite?
True
Suppose 2*k + 4 = 0, -5*k - 13 = -3*u + 24. Suppose -3*o + 6*o - u = 0. Suppose o*z + n = 163, -n = 3 - 1. Is z prime?
False
Suppose -2*u + 8281 = 5*i, -3*u - 913 = -3*i + 4064. Is i composite?
False
Let z(t) = t + 2. Let r be z(3). Suppose f + 5*d = 26, f + 4*d + 8 = r*f. Is f a prime number?
False
Suppose c = l + 6*c - 26, 4*l - 36 = -3*c. Is (10/l)/((-2)/(-30)) composite?
True
Suppose 2*q + 3*z - 5*z = 0, -4*z + 10 = q. Suppose -i = -q*i + 9. Is (-9)/(-3)*30/i a composite number?
True
Is 2/(-15) - 56661/(-45) a prime number?
True
Let h(r) be the first derivative of -101*r**2/2 - r + 3. Let y be h(-1). Suppose -l + 88 = 4*v + 3*l, -5*v = -5*l - y. Is v prime?
False
Let v(f) = f + f**3 - 8 + f**2 + 5*f**2 + 9. Let k be (0 - 5)*(1 - 0). Is v(k) a prime number?
False
Suppose -6 - 4 = 5*v. Let t(p) = -5*p + 5. Let u(a) = 21*a - 20. Let r(f) = v*u(f) - 9*t(f). Is r(4) prime?
True
Suppose 2*x + 126 = 3*w, 2*w - 6*w + 157 = x. Suppose 2*k = -p - p + w, -44 = -2*p - 3*k. Let j = p - -17. Is j prime?
False
Suppose g = -2*p + 68, -4*g + 3*p - 46 = -263. Is g prime?
False
Suppose 9*u - 10*u = -85. Is u a composite number?
True
Let r(z) = z**3 + 3*z**2 - z. Let f be r(-3). Suppose f*y - 23 = 2*y. Is y a prime number?
True
Let k(g) = 20*g + 11. Is k(10) prime?
True
Suppose 6*h - 2*h + 24 = 0. Let j(r) = 3*r**2 + 6*r - 7. Is j(h) a composite number?
True
Let u be (-6)/2 + 1 + 5. Let y = -1 + u. Is y/7 + 215/7 a composite number?
False
Suppose 759 - 172 = h. Is h prime?
True
Suppose -3*r + 563 = -b - 305, 0 = 5*r - 5*b - 1430. Is r a composite number?
True
Let t(p) = -63*p - 7. Let l(j) = j + 1. Let a(v) = -6*l(v) - t(v). Is a(1) a prime number?
False
Let i(p) = 11*p**3 + 31*p**2 + 13*p - 9. Let j(l) = 5*l**3 + 15*l**2 + 6*l - 4. Let w(x) = 4*i(x) - 9*j(x). Is w(-11) a composite number?
True
Let y(b) = 5*b**2 + 13*b - 7. Is y(6) a prime number?
True
Is ((-5)/(-2))/(-5) + 94/4 a prime number?
True
Suppose 5*u + 59 = l, -4*u - 142 = -l - l. Is l a composite number?
False
Suppose -642 = -3*m - 168. Is m prime?
False
Let a(b) = -2*b + b + 4 + b + 2*b + 5*b**2. Is a(3) a prime number?
False
Let w(o) = -3*o - 10. Suppose 3*n - 6 = n. Suppose j = -4 - n. Is w(j) prime?
True
Let x = -1874 + 3273. Is x prime?
True
Suppose -7*d = -3*d - 2356. Is d composite?
True
Let v = -7 + 11. Suppose 2*k = -s + 11, -5*s - v*k + 2*k = -47. Let d = 16 - s. Is d a prime number?
True
Let q(x) = 31*x**3 - 2*x**2 - 3*x + 3. Let l be q(3). Suppose 153 = -4*j + l. Suppose -4*z + j = -z. Is z composite?
True
Let n(i) = i**2 + 8*i + 9. Let w be n(-7). Suppose w*q = 4*k + 6*q - 52, k = -5*q + 21. Is k a composite number?
False
Let n(t) = -127*t - 9. Is n(-4) a composite number?
False
Suppose -28*k + 3675 = -23*k. Suppose 3*l - 24 = k. Is l composite?
True
Let k(i) be the first derivative of -i**3/3 - 2*i**2 + i + 1. Let b be k(-4). Is (95 - (-1 - b))/1 a composite number?
False
Let l = 313 + 33. Is l a prime number?
False
Let c(b) be the second derivative of b**5/20 + 13*b**4/12 - 13*b**3/6 - b**2 - 7*b. Is c(-12) prime?
False
Suppose -5*x = -5*u + 591 + 154, 0 = -u + 2*x + 152. Suppose 2*y = 4*c - 268, -4*y = -2*c - 6*y + u. Is c a prime number?
False
Let i = 31 + -11. Let k be 2/10 - (-56)/i. Is k + (2 - -38*3) composite?
True
Let a be -1*(-3)/(1 + 2). Let m = 1 + a. Is (-67)/(m + -2 + -1) a prime number?
True
Suppose -932 = -2*y - 3*n, 0*n = -n. Suppose -5*q = 3*i + 292, 5*i + 0*q = 2*q - y. Is (i/(-4))/(3/6) a composite number?
False
Suppose 2*t = 4*t - 14. Is t prime?
True
Is (-3 - -2)*-3*(-2 + 183) prime?
False
Let k(w) = -1 - 3*w + 5*w + 7*w + w**2. Is k(-10) composite?
True
Suppose 0 = 4*o + 5*i - 39, -2*o + 5*i = -34 + 7. Suppose l - 3 = o. Is l a prime number?
False
Suppose t = -l - t + 14, 19 = l + 3*t. Let h be ((-4)/6)/(1/3). Is (-98)/l*(h - 0) a prime number?
False
Let g be (-15)/(-6)*-1*10. Let b be 20/3*36/5. Let p = g + b. Is p a composite number?
False
Let j(n) = 49*n**2 + 8*n + 14. Is j(-5) a prime number?
False
Let y(n) = -n**3 + 2*n**2 - 8*n - 1. Is y(-13) composite?
True
Let j be (-1)/(-5) + (-273)/15. Let v(r) = -30*r**3 + 2*r**2 - r. Let s be v(1). Let q = j - s. Is q a prime number?
True
Let a = -7 + 10. Let z(t) = 9*t**2 + t + 1. Is z(a) a prime number?
False
Let t(x) = -6*x. Let p be t(-4). Suppose -2*c + 3*n = -35, -4*c + 2 = 3*n - 41. Let s = p - c. Is s composite?
False
Let i(d) = -d**2 + 171. Let r be i(0). Suppose -r = -0*n - 3*n. Is n composite?
True
Let z = 4676 + -2745. Is z a composite number?
False
Let x be 6/(-4) - 51/2. Let m = x - -60. Is m prime?
False
Let s(x) = -x**3 + 21*x**2 - 15*x + 1. Is s(14) prime?
True
Suppose p - 3 = -47. Let a(r) = r**3 + 8*r**2 + 8*r - 6. Let h be a(-7). Let u = h - p. Is u a composite number?
False
Let r = 352 - 191. Let o = r + -63. Suppose -2*g + o = 3*y, 4*g - y - 88 - 80 = 0. Is g composite?
False
Let f(g) = g**3 - 5*g**2 + g - 5. Let r be f(5). Suppose -5*c - 3*m - 2*m + 790 = r, 0 = 3*c + m - 480. Is c a prime number?
False
Let o(t) = -t**2 + 11*t - 11. Let q be o(10). Let k(g) = 55*g**2 + g + 1. Is k(q) a composite number?
True
Suppose 262 = q - 2*r + 7, -2*q - 4*r + 518 = 0. Is q composite?
False
Suppose t - 4*t + 4*l + 666 = 0, -l = -3. Is t prime?
False
Supp